{"id":536,"date":"2016-12-23T13:49:29","date_gmt":"2016-12-23T11:49:29","guid":{"rendered":"http:\/\/ibk-fussboden.de\/?page_id=536"},"modified":"2022-07-20T04:14:45","modified_gmt":"2022-07-20T02:14:45","slug":"impressum","status":"publish","type":"page","link":"https:\/\/ibk-fussboden.de\/?page_id=536","title":{"rendered":"Impressum"},"content":{"rendered":"\n<div class=\"fusion-page-title-bar fusion-page-title-bar-none fusion-page-title-bar-left\">\n<div class=\"fusion-page-title-row\">\n<div class=\"fusion-page-title-wrapper\">\n<div class=\"fusion-page-title-captions\">\n<h1 class=\"entry-title\" data-fontsize=\"18\" data-lineheight=\"25\">Impressum<\/h1>\n<\/div>\n<\/div>\n<\/div>\n<\/div>\n<div id=\"main\" class=\"clearfix \">\n<div class=\"fusion-row\">\n<div id=\"content\">\n<div id=\"post-8\" class=\"post-8 page type-page status-publish hentry\">\n<div class=\"post-content\">\n<p>IBK \u2013 Initiative Bodenbel\u00e4ge kleben<\/p>\n<p>Schaal.Trostner Kommunikation GmbH<br>Herr J\u00fcrgen Schaal<br>Enzian H\u00f6fe 1<br>72555 Metzingen\/Outletcity<br>Telefon: +49 (0)7123 947 3096<br>E-Mail: <a href=\"mailto:info@schaal-trostner.de\">info@schaal-trostner.de<\/a>\n<p><b>Gesch\u00e4ftsf\u00fchrer: <\/b>J\u00fcrgen Schaal<\/p>\n<p><b>Handelsregisternummer:<\/b> Amtsgericht Stuttgart HRB 220938<\/p>\n<p><b>Umsatzsteuer-Identifikationsnummer:<\/b> DE147823834<\/p>\n<p><b>Haftungshinweis: <\/b><br>Die Schaal.Trostner Kommunikation GmbH pr\u00fcft und aktualisiert die Informationen auf dieser Internetseite st\u00e4ndig. Trotz aller Sorgfalt k\u00f6nnen sich die Daten inzwischen ver\u00e4ndert haben. Eine Haftung oder Garantie f\u00fcr die Aktualit\u00e4t, Richtigkeit und Vollst\u00e4ndigkeit der zur Verf\u00fcgung gestellten Informationen kann daher nicht \u00fcbernommen werden. Gleiches gilt auch f\u00fcr alle anderen Internetseiten, auf die mittels Hyperlink verwiesen wird. Die Schaal.Trostner Kommunikation GmbH ist f\u00fcr den Inhalt der Internetseiten, die aufgrund einer solchen Verbindung erreicht werden, nicht verantwortlich.<\/p>\n<p>Des weiteren beh\u00e4lt sich die Schaal.Trostner Kommunikation GmbH das Recht vor, \u00c4nderungen oder Erg\u00e4nzungen der bereitgestellten Informationen vorzunehmen.<\/p>\n<p>Die Vervielf\u00e4ltigung von Informationen oder Daten, insbesondere die Verwendung von Texten, Textteilen oder Bildmaterial, bedarf der vorherigen Zustimmung der Schaal.Trostner Kommunikation GmbH.<\/p>\n<p>Quelle: <a href=\"http:\/\/www.juraforum.de\/impressum-generator\/\">Impressum-Muster<\/a> in Zusammenarbeit mit <a href=\"http:\/\/www.rechtsanwaelte-hannover.eu\/rechtsgebiete\/strafrecht\/\">Anwalt Strafrecht Hannover<\/a><\/p>\n<\/div>\n<\/div>\n<\/div>\n<\/div>\n<\/div>\n","protected":false},"excerpt":{"rendered":"<p>Impressum IBK \u2013 Initiative Bodenbel\u00e4ge kleben Schaal.Trostner Kommunikation GmbHHerr J\u00fcrgen SchaalEnzian H\u00f6fe 172555 Metzingen\/OutletcityTelefon: +49 (0)7123 947 3096E-Mail: info@schaal-trostner.de Gesch\u00e4ftsf\u00fchrer: J\u00fcrgen Schaal Handelsregisternummer: Amtsgericht Stuttgart HRB 220938 Umsatzsteuer-Identifikationsnummer: DE147823834 Haftungshinweis: Die Schaal.Trostner Kommunikation GmbH pr\u00fcft und aktualisiert die Informationen auf dieser Internetseite st\u00e4ndig. Trotz aller Sorgfalt k\u00f6nnen sich die Daten inzwischen ver\u00e4ndert haben. Eine Haftung [&hellip;]<\/p>\n","protected":false},"author":1,"featured_media":0,"parent":0,"menu_order":0,"comment_status":"closed","ping_status":"closed","template":"","meta":{"footnotes":""},"class_list":["post-536","page","type-page","status-publish","hentry"],"_links":{"self":[{"href":"https:\/\/ibk-fussboden.de\/index.php?rest_route=\/wp\/v2\/pages\/536","targetHints":{"allow":["GET"]}}],"collection":[{"href":"https:\/\/ibk-fussboden.de\/index.php?rest_route=\/wp\/v2\/pages"}],"about":[{"href":"https:\/\/ibk-fussboden.de\/index.php?rest_route=\/wp\/v2\/types\/page"}],"author":[{"embeddable":true,"href":"https:\/\/ibk-fussboden.de\/index.php?rest_route=\/wp\/v2\/users\/1"}],"replies":[{"embeddable":true,"href":"https:\/\/ibk-fussboden.de\/index.php?rest_route=%2Fwp%2Fv2%2Fcomments&post=536"}],"version-history":[{"count":9,"href":"https:\/\/ibk-fussboden.de\/index.php?rest_route=\/wp\/v2\/pages\/536\/revisions"}],"predecessor-version":[{"id":1301,"href":"https:\/\/ibk-fussboden.de\/index.php?rest_route=\/wp\/v2\/pages\/536\/revisions\/1301"}],"wp:attachment":[{"href":"https:\/\/ibk-fussboden.de\/index.php?rest_route=%2Fwp%2Fv2%2Fmedia&parent=536"}],"curies":[{"name":"wp","href":"https:\/\/api.w.org\/{rel}","templated":true}]}}